{"id":11,"date":"2014-04-29T22:55:51","date_gmt":"2014-04-29T20:55:51","guid":{"rendered":"http:\/\/getraenke-fuhrmann.de\/wordpress\/?page_id=11"},"modified":"2026-01-21T10:48:16","modified_gmt":"2026-01-21T09:48:16","slug":"nach-der-grundung","status":"publish","type":"page","link":"https:\/\/getraenke-fuhrmann.de\/wordpress\/nach-der-grundung\/","title":{"rendered":"Festservice"},"content":{"rendered":"<p>Sie planen ein Firmenevent, ein Vereinsfest oder eine private Feier, dann sind Sie bei uns richtig. Wir beraten und begleiten Sie individuell nach Ihren W\u00fcnschen von der Planung bis zur Durchf\u00fchrung.<\/p>\n<p>Wir bieten:<\/p>\n<ul>\n<li>ein reichhaltiges Getr\u00e4nkesortiment, siehe <a href=\"https:\/\/getraenke-fuhrmann.de\/wordpress\/wp-content\/uploads\/2025\/01\/Sortimentsliste_2025_Jan.pdf\" target=\"_blank\" rel=\"noopener\">Sortimentsliste (pdf)<\/a><\/li>\n<li>Fingerfood, kleine Auswahl <a href=\"https:\/\/getraenke-fuhrmann.de\/wordpress\/wp-content\/uploads\/2021\/08\/Fingerfood_1.8.21_.pdf\" target=\"_blank\" rel=\"noopener noreferrer\">Fingerfoodauswahl (pdf)<\/a><\/li>\n<li>eine gro\u00dfe Auswahl an hochwertigen <a href=\"https:\/\/getraenke-fuhrmann.de\/wordpress\/wp-content\/uploads\/2026\/01\/Inventar_1.26.pdf\" target=\"_blank\" rel=\"noopener\">Festinventare (pdf)<\/a><\/li>\n<li>exklusive passende Gl\u00e4ser, gesp\u00fclt nach Hygienerichtlinien<\/li>\n<li>Mehrweggeschirr und Besteck, gesp\u00fclt nach Hygienerichtlinien<\/li>\n<li>und vieles mehr unter Verleihservice<\/li>\n<\/ul>\n<p>Gerne stellen wir <strong>auf Wunsch eigenes Personal<\/strong> f\u00fcr jegliche Art der Veranstaltung.<br \/>Link Catering<\/p>\n<p>Unser Spezielles Angebot:<br \/>F\u00fcr <strong>Hochzeiten<\/strong> bieten wir einen <strong>Sektempfang mit Personal zum Pauschalpreis<\/strong> oder nach Ihren individuellen W\u00fcnschen an. <a href=\"https:\/\/getraenke-fuhrmann.de\/wordpress\/wp-content\/uploads\/2024\/11\/Sektempfang_Fuhrmann_OHG_2025_01.pdf\">Unser Angebot Sektempfang (pdf)<\/a><\/p>\n<p>Fragen Sie nach einem individuellem Angebot.<\/p>\n<p><em>Dieses Angebot gilt f\u00fcr T\u00fcbingen, Rottenburg, Reutlingen, H\u00e4rten, M\u00f6ssingen, Hechingen bis Balingen, also im gesamten Raum Neckar-Alb<\/em><\/p>\n\n\n<h2 class=\"wp-block-heading\"><\/h2>\n\n\n\n<p><\/p>\n","protected":false},"excerpt":{"rendered":"<p>Sie planen ein Firmenevent, ein Vereinsfest oder eine private Feier, dann sind Sie bei uns richtig. Wir beraten und begleiten Sie individuell nach Ihren W\u00fcnschen von der Planung bis zur Durchf\u00fchrung. Wir bieten: ein reichhaltiges Getr\u00e4nkesortiment, siehe Sortimentsliste (pdf) Fingerfood, &hellip; <a href=\"https:\/\/getraenke-fuhrmann.de\/wordpress\/nach-der-grundung\/\">Weiterlesen <span class=\"meta-nav\">&rarr;<\/span><\/a><\/p>\n","protected":false},"author":4,"featured_media":0,"parent":0,"menu_order":3,"comment_status":"closed","ping_status":"closed","template":"sidebar-page.php","meta":{"footnotes":""},"_links":{"self":[{"href":"https:\/\/getraenke-fuhrmann.de\/wordpress\/wp-json\/wp\/v2\/pages\/11"}],"collection":[{"href":"https:\/\/getraenke-fuhrmann.de\/wordpress\/wp-json\/wp\/v2\/pages"}],"about":[{"href":"https:\/\/getraenke-fuhrmann.de\/wordpress\/wp-json\/wp\/v2\/types\/page"}],"author":[{"embeddable":true,"href":"https:\/\/getraenke-fuhrmann.de\/wordpress\/wp-json\/wp\/v2\/users\/4"}],"replies":[{"embeddable":true,"href":"https:\/\/getraenke-fuhrmann.de\/wordpress\/wp-json\/wp\/v2\/comments?post=11"}],"version-history":[{"count":40,"href":"https:\/\/getraenke-fuhrmann.de\/wordpress\/wp-json\/wp\/v2\/pages\/11\/revisions"}],"predecessor-version":[{"id":1631,"href":"https:\/\/getraenke-fuhrmann.de\/wordpress\/wp-json\/wp\/v2\/pages\/11\/revisions\/1631"}],"wp:attachment":[{"href":"https:\/\/getraenke-fuhrmann.de\/wordpress\/wp-json\/wp\/v2\/media?parent=11"}],"curies":[{"name":"wp","href":"https:\/\/api.w.org\/{rel}","templated":true}]}}